f 19?
True
Is 714 a multiple of 14?
True
Is 23 a factor of 594?
False
Is 21 a factor of 42?
True
Is 106 a factor of 3604?
True
Is 17552 a multiple of 77?
False
Is 13 a factor of 585?
True
Does 20 divide 604?
False
Is 12 a factor of 24996?
True
Does 133 divide 12069?
False
Is 3954 a multiple of 32?
False
Is 1170 a multiple of 42?
False
Is 19 a factor of 1634?
True
Is 1801 a multiple of 96?
False
Does 57 divide 4785?
False
Is 4566 a multiple of 51?
False
Is 147 a factor of 13377?
True
Is 14 a factor of 1795?
False
Does 35 divide 7179?
False
Is 10 a factor of 780?
True
Is 2542 a multiple of 82?
True
Is 21 a factor of 1515?
False
Is 2178 a multiple of 24?
False
Does 105 divide 111300?
True
Is 8742 a multiple of 8?
False
Is 71 a factor of 14413?
True
Is 58956 a multiple of 34?
True
Is 7529 a multiple of 62?
False
Is 3 a factor of 470?
False
Does 21 divide 18060?
True
Does 2 divide 246?
True
Does 31 divide 10540?
True
Does 42 divide 1176?
True
Is 21550 a multiple of 103?
False
Is 1397 a multiple of 34?
False
Is 764 a multiple of 7?
False
Does 23 divide 71?
False
Is 2348 a multiple of 4?
True
Does 14 divide 1156?
False
Does 4 divide 1453?
False
Does 14 divide 48098?
False
Is 7 a factor of 2520?
True
Is 10 a factor of 3690?
True
Is 1368 a multiple of 38?
True
Is 732 a multiple of 10?
False
Is 41984 a multiple of 41?
True
Is 50960 a multiple of 182?
True
Is 11 a factor of 1396?
False
Is 605 a multiple of 3?
False
Is 12 a factor of 4120?
False
Does 319 divide 40086?
False
Is 1596 a multiple of 14?
True
Is 7 a factor of 313?
False
Is 20712 a multiple of 23?
False
Is 49 a factor of 31262?
True
Is 21 a factor of 7392?
True
Does 12 divide 3142?
False
Does 17 divide 1258?
True
Is 10 a factor of 5489?
False
Does 11 divide 4686?
True
Is 17 a factor of 25468?
False
Is 7 a factor of 3720?
False
Is 3634 a multiple of 18?
False
Does 9 divide 8019?
True
Is 159 a factor of 54938?
False
Is 64 a factor of 32448?
True
Does 135 divide 4809?
False
Is 32 a factor of 32?
True
Is 2192 a multiple of 16?
True
Is 20462 a multiple of 202?
False
Is 101 a factor of 55266?
False
Is 8 a factor of 13776?
True
Is 62 a factor of 171?
False
Does 9 divide 2421?
True
Is 5810 a multiple of 70?
True
Is 8 a factor of 13354?
False
Is 108 a factor of 459?
False
Is 20 a factor of 9780?
True
Is 17 a factor of 1678?
False
Does 19 divide 51?
False
Does 97 divide 1746?
True
Is 26 a factor of 30025?
False
Does 17 divide 6392?
True
Is 30 a factor of 20370?
True
Does 17 divide 2989?
False
Is 124350 a multiple of 25?
True
Does 121 divide 1452?
True
Is 20 a factor of 319?
False
Is 115 a factor of 25091?
False
Is 56 a factor of 53178?
False
Is 17 a factor of 1008?
False
Is 2949 a multiple of 25?
False
Is 50688 a multiple of 36?
True
Does 89 divide 18682?
False
Does 49 divide 4418?
False
Is 672 a multiple of 2?
True
Is 3960 a multiple of 40?
True
Does 21 divide 357?
True
Does 11 divide 572?
True
Does 37 divide 1138?
False
Is 593 a multiple of 9?
False
Does 223 divide 65189?
False
Is 2765 a multiple of 35?
True
Is 5 a multiple of 4?
False
Does 4 divide 104?
True
Is 24 a multiple of 12?
True
Is 50 a factor of 700?
True
Is 82530 a multiple of 315?
True
Does 5 divide 67365?
True
Is 120 a multiple of 12?
True
Is 124 a factor of 3522?
False
Does 94 divide 2256?
True
Is 6518 a multiple of 3?
False
Is 4 a factor of 871?
False
Is 12 a factor of 26760?
True
Does 71 divide 2761?
False
Is 281 a multiple of 12?
False
Is 793 a multiple of 61?
True
Is 14 a factor of 13916?
True
Does 30 divide 4530?
True
Does 65 divide 1690?
True
Is 2 a factor of 469?
False
Does 30 divide 754?
False
Is 5 a factor of 950?
True
Is 10115 a multiple of 129?
False
Is 4042 a multiple of 52?
False
Is 187 a multiple of 3?
False
Does 41 divide 246?
True
Does 13 divide 7852?
True
Is 1850 a multiple of 9?
False
Is 8892 a multiple of 73?
False
Is 25626 a multiple of 14?
False
Does 42 divide 73460?
False
Is 13 a factor of 624?
True
Is 1363 a multiple of 43?
False
Is 3208 a multiple of 3?
False
Is 7 a factor of 1653?
False
Is 36450 a multiple of 270?
True
Is 155538 a multiple of 49?
False
Is 104 a multiple of 8?
True
Is 10150 a multiple of 70?
True
Is 68 a factor of 1904?
True
Is 5 a factor of 475?
True
Does 226 divide 2260?
True
Is 2400 a multiple of 24?
True
Is 115 a factor of 10096?
False
Is 8 a factor of 216?
True
Is 32379 a multiple of 43?
True
Does 15 divide 15?
True
Is 990 a multiple of 90?
True
Is 3451 a multiple of 17?
True
Does 6 divide 662?
False
Is 5885 a multiple of 100?
False
Is 11 a factor of 1892?
True
Does 17 divide 901?
True
Does 81 divide 5459?
False
Is 33 a factor of 891?
True
Is 72 a factor of 144?
True
Is 1972 a multiple of 17?
True
Is 850 a multiple of 50?
True
Does 12 divide 4131?
False
Does 22 divide 559?
False
Is 10 a factor of 40641?
False
Is 11 a factor of 370?
False
Does 42 divide 6524?
False
Is 10 a factor of 1609?
False
Is 560 a multiple of 140?
True
Does 11 divide 9050?
False
Is 873 a multiple of 9?
True
Is 71 a factor of 852?
True
Is 5 a factor of 215?
True
Is 14 a factor of 1405?
False
Does 34 divide 4506?
False
Is 79 a factor of 1738?
True
Is 7326 a multiple of 111?
True
Does 81 divide 3159?
True
Does 5 divide 155?
True
Is 5 a factor of 2995?
True
Does 144 divide 46859?
False
Does 13 divide 377?
True
Is 18 a factor of 2034?
True
Is 40044 a multiple of 141?
True
Is 38 a factor of 968?
False
Is 62 a multiple of 2?
True
Is 624 a multiple of 12?
True
Is 651 a multiple of 31?
True
Is 18 a factor of 1044?
True
Does 18 divide 152?
False
Is 226 a multiple of 3?
False
Is 38850 a multiple of 175?
True
Does 25 divide 671?
False
Does 18 divide 1872?
True
Is 11 a factor of 945?
False
Does 16 divide 1913?
False
Does 4 divide 31?
False
Is 1711 a multiple of 29?
True
Does 11 divide 10031?
False
Is 23 a factor of 1784?
False
Is 62 a factor of 1601?
False
Is 25 a factor of 65500?
True
Does 85 divide 1485?
False
Is 18 a factor of 2592?
True
Is 26 a factor of 364?
True
Does 27 divide 338?
False
Is 35926 a multiple of 71?
True
Does 159 divide 19080?
True
Does 22 divide 616?
True
Is 1008 a multiple of 9?
True
Is 12296 a multiple of 53?
True
Is 145 a factor of 12905?
True
Is 7470 a multiple of 30?
True
Is 22132 a multiple of 202?
False
Is 2507 a multiple of 35?
False
Is 35 a factor of 805?
True
Is 46 a factor of 1794?
True
Does 16 divide 1140?
False
Does 99 divide 20140?
False
Is 22 a factor of 1326?
False
Is 94 a factor of 66872?
False
Does 17 divide 165?
False
Is 10664 a multiple of 13?
False
Is 25 a factor of 696?
False
Is 25 a factor of 71?
False
Is 2 a factor of 1798?
True
Is 125449 a multiple of 206?
False
Is 22 a factor of 3388?
True
Is 123 a multiple of 41?
True
Is 2280 a multiple of 38?
True
Does 108 divide 1404?
True
Does 276 divide 72523?
False
Does 21 divide 8369?
False
Does 16 divide 2368?
True
Is 27 a multiple of 9?
True
Does 23 divide 1442?
False
Is 3724 a multiple of 49?
True
Is 28296 a multiple of 72?
True
Does 19 divide 608?
True
Does 30 divide 18488?
False
Does 13 divide 184?
False
Is 788 a multiple of 7?
False
Is 8 a factor of 1167?
False
Is 19 a factor of 2451?
True
Is 739 a multiple of 35?
False
Is 7 a factor of 1057?
True
Is 32 a factor of 364?
False
Is 7975 a multiple of 25?
True
Is 9 a factor of 6516?
True
Is 80 a factor of 5760?
True
Is 19668 a multiple of 12?
True
Does 35 divide 701?
False
Does 5 divide 612?
False
Is 92 a factor of 322?
False
Is 38700 a multiple of 300?
True
Is 18 a factor of 801?
False
Is 6150 a multiple of 15?
True
Is 89 a multiple of 4?
False
Is 5051 a multiple of 31?
False
Is 8 a factor of 4290?
False
Does 166 divide 17551?
False
Is 1570 a multiple of 38?
False
Is 30 a factor of 112620?
True
Is 109056 a multiple of 254?
False
Does 97 divide 4753?
True
Is 42 a factor of 166?
False
Does 15 divide 300?
True
Does 72 divide 2520?
True
Does 25 divide 1718?
False
Is 18 a factor of 1170?
True
Is 2546 a multiple of 19?
True
Is 68 a factor of 38896?
True
Does 7 divide 793?
False
Is 30 a factor of 10230?
True
Is 6 a factor of 2292?
True
Is 9628 a multiple of 58?
True
Is 390 a multiple of 30?
True
Does 16 divide 13751?
False
Does 7 divide 56805?
True
Does 29 divide 6088?
False
Does 31 divide 73417?
False
Is 89675 a multiple of 17?
True
Is 8 a factor of 104?
True
Does 46 divide 12098?
True
Is 4839 a